 x = 21 - 9. Suppose 2*w + 74 = -26. Is x/(-8)*w/3 composite?
True
Let c be 63*1 + (1 - 5). Let o = 322 - c. Is o a prime number?
True
Suppose -3*b + 248 = -9*g + 4*g, 0 = 4*g - 20. Is b a prime number?
False
Suppose 4*n - 320 = -n. Suppose 0 = 3*l - 41 - n. Is l composite?
True
Suppose -5*u + 948 = -1267. Is u a composite number?
False
Suppose -4*x = 4*k - 5168, -3*k + 4084 = -5*x + 200. Is k a composite number?
True
Let g(h) = h**2 + 3*h + 7. Let j be g(-5). Suppose -j + 5 = -3*d. Suppose -d*w - 52 + 204 = 0. Is w composite?
True
Let j be 849/9 + 2/3. Suppose -6 = -10*b + 8*b. Suppose b*g - 10 = j. Is g a composite number?
True
Let m(h) = h**2 + 10*h - 15. Let p be m(-12). Let y(k) = 13*k - 6. Is y(p) a prime number?
False
Let z = -92 - -203. Is z a prime number?
False
Suppose -a - 3*a + 16 = 0. Is a*-338*(-4)/32 prime?
False
Is (-7)/(-14)*(1871 + -3) a composite number?
True
Let g(q) = -q - 2. Let n be g(-2). Let f(v) = 2*v**2 + 5*v + 7. Let h be f(-8). Let t = n + h. Is t a composite number?
True
Let x = 132 + 45. Is x a prime number?
False
Let j be -2*(-1)/1*2. Suppose 0*a + j = -a. Let s = a + 6. Is s prime?
True
Let c(i) = -i**3 + 9*i**2 + 3*i - 5. Is c(8) a prime number?
True
Suppose 3*q = h + q + 6, -3 = -4*h - q. Let p(x) = -x**2 + 3. Let b be p(h). Is 595/15*(b + 0) prime?
False
Suppose j = 5*j - 276. Is j a prime number?
False
Let n be (2 + (-6)/5)*5. Let h be ((-538)/n)/((-2)/4). Suppose -h - 378 = -3*d - 5*m, 0 = -3*d + 2*m + 619. Is d a composite number?
True
Let d(s) = s**3 + 4*s**2 - 2*s - 6. Let y be d(-4). Suppose -w = -5 - y. Is w a prime number?
True
Let p(q) = -62*q - 17. Is p(-9) a prime number?
True
Let t(b) = -5*b + 27. Is t(-26) prime?
True
Let x = -63 - -141. Suppose 557 = 5*j - x. Is j prime?
True
Suppose 0 = 16*d - 10*d - 7458. Is d a prime number?
False
Let a(u) = u. Let s be a(3). Suppose -s = i - 4*i, -3*m = i - 7. Suppose m*h - 30 = h - 4*n, -5*n - 12 = -h. Is h a prime number?
False
Let q(i) = i**3 + i**2 + 205. Let t(s) = -s**3 + 3*s**2 - s - 2. Let l be t(2). Is q(l) a prime number?
False
Suppose 3*h + 0*r - 3171 = 4*r, 0 = -2*r. Is h a composite number?
True
Let q(p) = -p**2 + p + 1. Let n(o) = -o**3 + 8*o**2 + 8*o - 8. Let u(m) = -n(m) - 2*q(m). Is u(9) a prime number?
False
Let w = 4022 - 2868. Is w a composite number?
True
Let t(c) be the third derivative of c**5/60 + c**4/12 - 2*c**3 - 4*c**2. Is t(5) prime?
True
Let d be 2*(1*-2 - -3). Suppose -2*b = 2*b - 20, -2*b = -d*h - 4. Suppose -8*v + 21 = -3*v - h*i, -v - i = -1. Is v a composite number?
False
Suppose h - 3*h + 8 = 0. Suppose s = -3*y + 9, -h*y - 3*s + 11 + 1 = 0. Suppose 3*j - 50 = -d, -y*j = -2*j + 2*d - 25. Is j prime?
False
Let r(f) = 13*f**2 - 13*f - 47. Is r(-11) a composite number?
False
Let w be 1 + -2*531/(-6). Suppose 648 = 5*y + w. Is y prime?
False
Let c = -1086 + 1637. Is c a composite number?
True
Let h = 448 - 254. Is h composite?
True
Let b be (-6168)/9 - 1/(-3). Let w = 455 + b. Is 1/(-3) - w/15 prime?
False
Let q(m) be the first derivative of m**5/24 + m**4/12 + m**3/3 - 3. Let b(g) be the third derivative of q(g). Is b(4) prime?
False
Let d(u) = u**2 + 3. Let a = -9 + 5. Is d(a) a prime number?
True
Suppose 19*w = 7999 + 10564. Is w prime?
True
Let r = 9 - 5. Let m(u) = u**2 - 4*u - 1. Let l be m(r). Let s = 3 + l. Is s prime?
True
Let k(f) = -f + 1. Let m = 11 - 8. Let g be k(m). Let z(l) = -19*l + 1. Is z(g) prime?
False
Suppose 6*a = 6008 + 6226. Is a prime?
True
Suppose -36*o + 37*o = 4813. Is o composite?
False
Suppose 0 = -2*m - 40 - 62. Let f = 77 + m. Suppose p + 0*p = f. Is p prime?
False
Let z be 9/(-6) + (-46)/(-4). Let l be 16/10*z/4. Suppose 9*b - 181 = l*b + 4*a, 5*a + 143 = 4*b. Is b prime?
True
Suppose -9*o + 1663 + 1748 = 0. Is o prime?
True
Let n(k) be the first derivative of -k**4/4 + k**3/3 - k**2/2 + 75*k - 2. Let t be n(0). Suppose 2*r = 7*r - t. Is r a prime number?
False
Suppose -b - 2*b = -21. Let y(n) be the first derivative of n**3/3 + n**2/2 - 9*n - 5. Is y(b) prime?
True
Let m(a) = 5*a**2 + 7*a. Suppose 0 = -4*b - 2 - 6. Is m(b) a composite number?
True
Let c(y) = 147*y**2 - 1. Is c(2) a prime number?
True
Suppose 4 - 14 = 2*k. Let m be k + 5 + 10*-1. Let r(x) = 2*x**2 + 13*x + 7. Is r(m) a composite number?
True
Let q(j) = 3*j + 23. Is q(17) composite?
True
Let o be (6 - -42) + 1 + 0. Suppose 2*s + 0*s + 5*u = o, 25 = -5*u. Is s a prime number?
True
Let w(c) = -9*c + 1. Suppose -3*f + 7*f - 92 = 0. Suppose 0 = -g + y, g - 5*y - f = -3. Is w(g) a composite number?
True
Let n(m) = -m**2 - 21*m + 15. Is n(-16) a composite number?
True
Let v be 1*4*3/6. Suppose -10 = -2*r + v*l + 36, -4*r = 3*l - 85. Is r prime?
False
Suppose 0 = 2*q - 3*p - 25 - 108, -3*q = 4*p - 191. Is q a prime number?
False
Let y(c) = 13*c + 2. Let m(l) = -26*l - 4. Let h(z) = -6*m(z) - 11*y(z). Is h(8) a prime number?
False
Let d be (-4)/(-6)*15/2. Suppose 0 = 3*z + d*f + 255, -4*z - z = -f + 397. Is z/(-6) - 3/9 composite?
False
Let x be (-2 - -1)/((-2)/(-2)). Is (x + 1)/(-1) + 47 prime?
True
Let o = 3 - -1. Is ((-393)/(-12) + -1)*o a composite number?
False
Is (1 + 0)/(12/3948) prime?
False
Suppose -22 + 7 = -3*a. Is 254/(a/((-10)/(-4))) a prime number?
True
Let s(l) be the third derivative of -1/60*l**5 + 1/3*l**4 + 3*l**2 + 5/6*l**3 + 0*l + 0. Is s(4) prime?
False
Suppose -3*b = 3*b. Suppose 2*c - 234 + 62 = b. Is c composite?
True
Suppose g = 4*g + 3. Is 7 + (3 + g)/(-2) composite?
True
Let v = -582 - -374. Let x(j) = 13*j**2 + 5*j - 7. Let d be x(-5). Let s = v + d. Is s prime?
False
Suppose 5*z - 2*f = -5*f + 324, -3*z + 2*f = -183. Suppose 5*i - 3*o = 3*i + 42, -3*i = o - z. Is 6/i - (-215)/7 a prime number?
True
Suppose 14 = 6*b - 10. Is (10/b + -2)*236 a composite number?
True
Suppose 4*n - 3 + 143 = 0. Let a be 208/2*(-1 - -2). Let p = n + a. Is p a prime number?
False
Suppose 4*k + 0 - 12 = 0. Suppose 0 = n - k - 5. Suppose -2*b + 98 = -n. Is b a prime number?
True
Let b(c) = -c**3 + 2*c**2 + 6*c + 5. Is b(-4) a prime number?
False
Let p = 9 + -5. Let b(m) = 5*m**2 + 3*m - 3. Is b(p) composite?
False
Let u = 123 + 88. Is u a composite number?
False
Suppose -4*g - 39 = -187. Is g a prime number?
True
Let i be 0/1 + -2 - 47. Let l = i + 72. Is l a composite number?
False
Let k be 4/2 + 4/4. Suppose -k*w - 25 = 2*w, 5*t = -3*w + 140. Is t a prime number?
True
Suppose -13*m + 11*m + 614 = 0. Is m a composite number?
False
Suppose 2*b - 2*c - c - 16 = 0, -4*c - 10 = 3*b. Suppose 0 = b*p - 118 - 496. Is p a prime number?
True
Let s = 0 + 47. Let f = -73 - -151. Let n = f - s. Is n composite?
False
Let l(v) = 5*v**2 + v + 1. Let c be (-2 - -1) + -1 + 0. Is l(c) a composite number?
False
Is (-1)/((2/(-5209))/(3 + -1)) composite?
False
Let c = -944 + 1425. Is c a prime number?
False
Let s(y) = y**2 - 17*y + 13. Is s(-23) a composite number?
True
Let g(d) = 51*d**3 - d**2 - d + 1. Is g(2) a prime number?
False
Let c(a) = -5*a**3 - a**2 - a + 2. Let h be c(-3). Let p = h - 78. Is p prime?
True
Is 94*(-13)/(-2) + 0 a composite number?
True
Suppose 277 = 3*u + 4*m, 3*u + 0*u - 276 = -3*m. Is u a composite number?
True
Let y = 1485 - 556. Is y composite?
False
Let c be ((-6)/4)/(9/18). Let v(l) = -66*l + 5. Is v(c) a prime number?
False
Let y = 589 - -1027. Let p = y + -739. Is p composite?
False
Suppose -2*z - 23 + 717 = 0. Is z composite?
False
Let x be ((-10)/25)/(1/(-10)). Suppose -x*j - 2338 = -2*o, 0*j + 4682 = 4*o - 2*j. Is o prime?
True
Is -278*(6/4 + -2) prime?
True
Suppose -3*z + 4*z - 3*s + 9 = 0, 3*z + 5*s - 43 = 0. Suppose -k - 3 = -z. Is k composite?
False
Suppose 4*i + 7 = -5*v, 2*i - 6*v = -v + 19. Suppose 3*l - i*l - 88 = g, 2*l - 185 = 5*g. Is l a prime number?
False
Let a be 15/20 + (-50)/(-8). Let l(o) = o**3 - 7*o**2 + 3*o - 10. Is l(a) prime?
True
Suppose 3*o - 3 = 18. Is o composite?
False
Let v = -4 + -5. Let h = 11 + v. Is -5 - -90 - (0 - h) prime?
False
Let p(v) = -7*v - 5 + 0*v + v - 23*v**2 + 24*v**2. Is p(-4) composite?
True
Suppose 5*y - 21 = -3*j, y = -0*y + 3. Is ((-4018)/4)/(-7)*j composite?
True
Is 1 + -870*(-50)/15 composite?
True
Suppose -3*d - 4*m - 56 = 0, 3*d - 6*m + 16 = -2*m. Let j(n) = 3*n**2 + 2*n + 1. Let o be j(-3). Let p = o + d. Is p composite?
True
Let s(c) = c**2 - 9*c + 15. I